
2
What is the thousands digit of 3720?
3
What is the units digit of 37?
7
What is the thousands digit of 4364?
4
What is the hundreds digit of 1567?
5
What is the tens digit of 2091?
9
What is the units digit of 1019?
9
What is the hundreds digit of 10529?
5
What is the units digit of 92356?
6
What is the hundreds digit of 34463?
4
What is the units digit of 2423?
3
What is the units digit of 194?
4
What is the hundreds digit of 9432?
4
What is the hundreds digit of 230?
2
What is the hundreds digit of 308?
3
What is the thousands digit of 1528?
1
What is the units digit of 728?
8
What is the thousands digit of 34606?
4
What is the hundreds digit of 717?
7
What is the hundreds digit of 97654?
6
What is the tens digit of 773?
7
What is the hundreds digit of 8362?
3
What is the tens digit of 77?
7
What is the tens digit of 7148?
4
What is the units digit of 991?
1
What is the hundreds digit of 1625?
6
What is the hundreds digit of 3229?
2
What is the thousands digit of 2669?
2
What is the units digit of 36271?
1
What is the hundreds digit of 1882?
8
What is the thousands digit of 8681?
8
What is the thousands digit of 2259?
2
What is the units digit of 31619?
9
What is the hundreds digit of 69363?
3
What is the hundreds digit of 2089?
0
What is the hundreds digit of 48858?
8
What is the units digit of 2173?
3
What is the thousands digit of 2719?
2
What is the thousands digit of 5646?
5
What is the units digit of 1068?
8
What is the thousands digit of 2281?
2
What is the units digit of 6?
6
What is the thousands digit of 25363?
5
What is the tens digit of 98407?
0
What is the hundreds digit of 32783?
7
What is the tens digit of 606?
0
What is the units digit of 498?
8
What is the thousands digit of 2367?
2
What is the tens digit of 999?
9
What is the thousands digit of 52971?
2
What is the hundreds digit of 29988?
9
What is the units digit of 5406?
6
What is the tens digit of 10714?
1
What is the units digit of 7399?
9
What is the tens digit of 18?
1
What is the tens digit of 56479?
7
What is the thousands digit of 8739?
8
What is the tens digit of 283?
8
What is the tens digit of 92?
9
What is the ten thousands digit of 49874?
4
What is the units digit of 1116?
6
What is the ten thousands digit of 11149?
1
What is the tens digit of 24?
2
What is the tens digit of 15181?
8
What is the hundreds digit of 36605?
6
What is the thousands digit of 2100?
2
What is the units digit of 3601?
1
What is the hundreds digit of 1861?
8
What is the tens digit of 35700?
0
What is the units digit of 2177?
7
What is the units digit of 5186?
6
What is the hundreds digit of 15624?
6
What is the tens digit of 1334?
3
What is the ten thousands digit of 34594?
3
What is the hundreds digit of 11910?
9
What is the hundreds digit of 58695?
6
What is the hundreds digit of 260?
2
What is the hundreds digit of 13404?
4
What is the units digit of 691?
1
What is the thousands digit of 9538?
9
What is the hundreds digit of 438?
4
What is the tens digit of 48014?
1
What is the ten thousands digit of 50214?
5
What is the tens digit of 3407?
0
What is the hundreds digit of 20466?
4
What is the tens digit of 56932?
3
What is the tens digit of 2396?
9
What is the thousands digit of 5514?
5
What is the hundreds digit of 839?
8
What is the ten thousands digit of 11661?
1
What is the units digit of 1315?
5
What is the thousands digit of 7613?
7
What is the tens digit of 7249?
4
What is the tens digit of 502?
0
What is the units digit of 517?
7
What is the ten thousands digit of 47703?
4
What is the tens digit of 33458?
5
What is the thousands digit of 111906?
1
What is the tens digit of 56188?
8
What is the thousands digit of 7477?
7
What is the tens digit of 673?
7
What is the units digit of 3181?
1
What is the thousands digit of 5115?
5
What is the units digit of 3454?
4
What is the ten thousands digit of 46173?
4
What is the units digit of 2285?
5
What is the hundreds digit of 180?
1
What is the ten thousands digit of 94249?
9
What is the units digit of 11350?
0
What is the tens digit of 13931?
3
What is the ten thousands digit of 99337?
9
What is the tens digit of 48920?
2
What is the units digit of 4319?
9
What is the hundreds digit of 168198?
1
What is the units digit of 11066?
6
What is the ten thousands digit of 10873?
1
What is the hundreds digit of 3359?
3
What is the hundreds digit of 5592?
5
What is the units digit of 147?
7
What is the units digit of 917?
7
What is the hundreds digit of 575?
5
What is the tens digit of 40819?
1
What is the ten thousands digit of 34987?
3
What is the thousands digit of 5643?
5
What is the ten thousands digit of 21660?
2
What is the tens digit of 583?
8
What is the ten thousands digit of 57058?
5
What is the units digit of 2791?
1
What is the hundreds digit of 305?
3
What is the units digit of 96753?
3
What is the thousands digit of 2482?
2
What is the units digit of 2904?
4
What is the hundreds digit of 7121?
1
What is the hundreds digit of 60581?
5
What is the units digit of 16154?
4
What is the tens digit of 79282?
8
What is the tens digit of 970?
7
What is the ten thousands digit of 11173?
1
What is the tens digit of 830?
3
What is the units digit of 5?
5
What is the units digit of 752?
2
What is the tens digit of 273?
7
What is the tens digit of 66332?
3
What is the units digit of 2238?
8
What is the units digit of 722?
2
What is the hundreds digit of 665?
6
What is the tens digit of 1006?
0
What is the thousands digit of 45815?
5
What is the units digit of 63002?
2
What is the hundreds digit of 7478?
4
What is the thousands digit of 1735?
1
What is the units digit of 71448?
8
What is the hundreds digit of 370?
3
What is the hundreds digit of 2174?
1
What is the units digit of 4639?
9
What is the units digit of 404?
4
What is the hundreds digit of 1530?
5
What is the units digit of 18759?
9
What is the units digit of 16684?
4
What is the units digit of 22572?
2
What is the thousands digit of 1520?
1
What is the units digit of 375?
5
What is the tens digit of 4722?
2
What is the thousands digit of 6681?
6
What is the tens digit of 7825?
2
What is the tens digit of 22?
2
What is the tens digit of 8252?
5
What is the thousands digit of 1453?
1
What is the units digit of 1484?
4
What is the thousands digit of 3297?
3
What is the hundreds digit of 71389?
3
What is the units digit of 1684?
4
What is the ten thousands digit of 114074?
1
What is the tens digit of 3033?
3
What is the hundreds digit of 856?
8
What is the hundreds digit of 144446?
4
What is the hundreds digit of 31245?
2
What is the tens digit of 936?
3
What is the units digit of 10677?
7
What is the thousands digit of 8061?
8
What is the ten thousands digit of 18388?
1
What is the tens digit of 6224?
2
What is the hundreds digit of 5775?
7
What is the units digit of 548?
8
What is the tens digit of 4727?
2
What is the ten thousands digit of 13564?
1
What is the units digit of 29?
9
What is the thousands digit of 1579?
1
What is the thousands digit of 1113?
1
What is the tens digit of 80519?
1
What is the thousands digit of 14205?
4
What is the units digit of 23?
3
What is the hundreds digit of 937?
9
What is the units digit of 49086?
6
What is the units digit of 5698?
8
What is the hundreds digit of 563?
5
What is the hundreds digit of 9170?
1
What is the thousands digit of 8033?
8
What is the units digit of 55856?
6
What is the thousands digit of 106912?
6
What is the hundreds digit of 697?
6
What is the tens digit of 2111?
1
What is the hundreds digit of 2065?
0
What is the units digit of 130?
0
What is the hundreds digit of 910?
9
What is the units digit of 1509?
9
What is the units digit of 31490?
0
What is the ten thousands digit of 28529?
2
What is the units digit of 7088?
8
What is the hundreds digit of 974?
9
What is the hundreds digit of 1822?
8
What is the units digit of 161766?
6
What is the tens digit of 16994?
9
What is the thousands digit of 150169?
0
What is the hundreds digit of 147572?
5
What is the hundreds digit of 821?
8
What is the hundreds digit of 428?
4
What is the thousands digit of 9670?
9
What is the ten thousands digit of 26468?
2
What is the units digit of 1470?
0
What is the tens digit of 3382?
8
What is the units digit of 9409?
9
What is the th